{"id":112,"date":"2025-03-17T10:21:39","date_gmt":"2025-03-17T09:21:39","guid":{"rendered":"https:\/\/spanisch-live.de\/?page_id=112"},"modified":"2025-07-31T10:16:59","modified_gmt":"2025-07-31T08:16:59","slug":"saludos-y-presentaciones","status":"publish","type":"page","link":"http:\/\/spanisch-live.de\/?page_id=112","title":{"rendered":"Frases \u00datiles"},"content":{"rendered":"\n<p>Saludos y presentaciones<\/p>\n\n\n\n<ul class=\"wp-block-list\">\n<li>Hola, \u00bfc\u00f3mo est\u00e1s? \u2192 Hallo, wie geht es dir?<\/li>\n\n\n\n<li>Me llamo\u2026 \u2192 Ich hei\u00dfe\u2026<\/li>\n\n\n\n<li>Mucho gusto. \u2192 Sehr erfreut.<\/li>\n\n\n\n<li>\u00bfDe d\u00f3nde eres? \u2192 Woher kommst du?<\/li>\n\n\n\n<li>Soy de\u2026 \u2192 Ich komme aus\u2026<\/li>\n\n\n\n<li>\u00bfCu\u00e1ntos a\u00f1os tienes? \u2192 Wie alt bist du?<\/li>\n\n\n\n<li>Tengo \u2026 a\u00f1os. \u2192 Ich bin \u2026 Jahre alt.<\/li>\n<\/ul>\n\n\n\n<p><strong>2. Expresiones b\u00e1sicas<\/strong><\/p>\n\n\n\n<ul class=\"wp-block-list\">\n<li>Por favor. \u2192 Bitte.<\/li>\n\n\n\n<li>Gracias. \u2192 Danke.<\/li>\n\n\n\n<li>De nada. \u2192 Gern geschehen.<\/li>\n\n\n\n<li>Lo siento. \u2192 Es tut mir leid.<\/li>\n\n\n\n<li>No entiendo. \u2192 Ich verstehe nicht.<\/li>\n\n\n\n<li>\u00bfPuedes repetir, por favor? \u2192 Kannst du das bitte wiederholen?<\/li>\n\n\n\n<li>M\u00e1s despacio, por favor. \u2192 Langsamer, bitte.<\/li>\n<\/ul>\n\n\n\n<p><strong>3. En un restaurante<\/strong><\/p>\n\n\n\n<ul class=\"wp-block-list\">\n<li>Quisiera un caf\u00e9, por favor. \u2192 Ich h\u00e4tte gerne einen Kaffee, bitte.<\/li>\n\n\n\n<li>\u00bfCu\u00e1nto cuesta? \u2192 Wie viel kostet das?<\/li>\n\n\n\n<li>La cuenta, por favor. \u2192 Die Rechnung, bitte.<\/li>\n<\/ul>\n\n\n\n<p><strong>4. De compras<\/strong><\/p>\n\n\n\n<ul class=\"wp-block-list\">\n<li>\u00bfTienen esto en otra talla? \u2192 Haben Sie das in einer anderen Gr\u00f6\u00dfe?<\/li>\n\n\n\n<li>\u00bfCu\u00e1nto cuesta esto? \u2192 Wie viel kostet das?<\/li>\n\n\n\n<li>Solo estoy mirando. \u2192 Ich schaue nur.<\/li>\n<\/ul>\n\n\n\n<p><strong>5. Direcciones y transporte<\/strong><\/p>\n\n\n\n<ul class=\"wp-block-list\">\n<li>\u00bfD\u00f3nde est\u00e1 la estaci\u00f3n de tren? \u2192 Wo ist der Bahnhof?<\/li>\n\n\n\n<li>\u00bfC\u00f3mo llego a\u2026? \u2192 Wie komme ich nach\u2026?<\/li>\n\n\n\n<li>Necesito un billete para\u2026 \u2192 Ich brauche ein Ticket nach\u2026<\/li>\n<\/ul>\n\n\n\n<p><strong>6. Emergencias<\/strong><\/p>\n\n\n\n<ul class=\"wp-block-list\">\n<li>\u00a1Ayuda! \u2192 Hilfe!<\/li>\n\n\n\n<li>Necesito un m\u00e9dico. \u2192 Ich brauche einen Arzt.<\/li>\n\n\n\n<li>Llame a la polic\u00eda, por favor. \u2192 Rufen Sie bitte die Polizei.<\/li>\n<\/ul>\n","protected":false},"excerpt":{"rendered":"<p>Saludos y presentaciones 2. Expresiones b\u00e1sicas 3. En un restaurante 4. De compras 5. Direcciones y transporte 6. Emergencias<\/p>\n","protected":false},"author":1,"featured_media":0,"parent":0,"menu_order":0,"comment_status":"closed","ping_status":"closed","template":"","meta":{"footnotes":""},"class_list":["post-112","page","type-page","status-publish","hentry"],"_links":{"self":[{"href":"http:\/\/spanisch-live.de\/index.php?rest_route=\/wp\/v2\/pages\/112","targetHints":{"allow":["GET"]}}],"collection":[{"href":"http:\/\/spanisch-live.de\/index.php?rest_route=\/wp\/v2\/pages"}],"about":[{"href":"http:\/\/spanisch-live.de\/index.php?rest_route=\/wp\/v2\/types\/page"}],"author":[{"embeddable":true,"href":"http:\/\/spanisch-live.de\/index.php?rest_route=\/wp\/v2\/users\/1"}],"replies":[{"embeddable":true,"href":"http:\/\/spanisch-live.de\/index.php?rest_route=%2Fwp%2Fv2%2Fcomments&post=112"}],"version-history":[{"count":5,"href":"http:\/\/spanisch-live.de\/index.php?rest_route=\/wp\/v2\/pages\/112\/revisions"}],"predecessor-version":[{"id":119,"href":"http:\/\/spanisch-live.de\/index.php?rest_route=\/wp\/v2\/pages\/112\/revisions\/119"}],"wp:attachment":[{"href":"http:\/\/spanisch-live.de\/index.php?rest_route=%2Fwp%2Fv2%2Fmedia&parent=112"}],"curies":[{"name":"wp","href":"https:\/\/api.w.org\/{rel}","templated":true}]}}